 p(l) = -17*l**3 - 4*l**2 + 3*l + 3. Let z(s) = -10*s**3 - 2*s**2 + 2*s + 1. Let c(n) = 3*p(n) - 5*z(n). What is c(-3)?
16
Let f(o) = o - 4. Let u be f(4). Let p(k) = 54*k - k**2 + 4 + 2 - 53*k. Calculate p(u).
6
Let r(k) be the third derivative of -k**6/120 + 7*k**5/60 + 5*k**4/12 - 5*k**3/3 - 6*k**2 - 18*k. Give r(8).
6
Let b be (-1)/2 - (28/8 + 2). Let i(q) = 7*q + 3. Let d(x) = -4*x - 1. Let k(c) = -5*d(c) - 3*i(c). Calculate k(b).
2
Let a(k) = k**2 + 2*k - 4. Suppose -22 = -2*z - 2*r, 3*r + 2*r - 7 = z. Suppose 0 = z*x + 22 + 10. Determine a(x).
4
Let l(z) = 2*z**2 - 10*z - 10. Let o(f) = -f**2 + 5*f + 5. Let m(v) = -2*l(v) - 5*o(v). Suppose -5*b = -17 - 8. Give m(b).
-5
Let p(y) = y + 6. Suppose 0 = c + 2*j + j - 1, 3*j = 12. What is p(c)?
-5
Let j(g) = 1 - g - 1. Let b = 29 + -22. Let z = b - 6. Calculate j(z).
-1
Let f(g) = g**3 + 7*g**2 + 7*g + 2. Let l = -2723 + 2718. What is f(l)?
17
Let d(q) = -4*q + 1. Let z(f) be the third derivative of 11*f**4/24 - 2*f**3/3 - 4*f**2. Let m(i) = -17*d(i) - 6*z(i). Calculate m(-6).
-5
Let i(g) = -14*g. Let c be 4*6/24*-2. Give i(c).
28
Let f(x) = 7*x**3 + 7*x**2 - 3*x + 9. Let i(s) = -11*s**3 - 11*s**2 + 5*s - 14. Let l(q) = 8*f(q) + 5*i(q). Let p = -935 + 935. Give l(p).
2
Let r(a) be the third derivative of -a**5/60 - 11*a**4/24 - a**3/3 + 11*a**2 - 5*a. Give r(-8).
22
Let y(b) = 2 + 8 - b**2 + b - 17 + 12. Determine y(0).
5
Let x(v) = v**2 - 5*v + 5. Let b be x(5). Suppose -6*h - 3 = -7*h. Suppose -b = -h*p - 17. Let t(f) = f**3 + 5*f**2 + 5*f. Calculate t(p).
-4
Let u = 17 + -23. Let j(i) = 6*i - 20. Let g(m) = 2*m - 7. Let y(l) = 17*g(l) - 6*j(l). Calculate y(u).
13
Let g(t) = t + 8. Let v(i) = -i - 9. Suppose 0 = -9*p + 4*p - 25. Let f(y) = p*v(y) - 6*g(y). What is f(6)?
-9
Let k(q) = 0*q + 3*q - 4*q + 7 - 3*q + q**2. Give k(5).
12
Let h(z) be the third derivative of z**5/12 - z**4/6 + 13*z**3/6 + 5*z**2. Let m(t) = -6*t**2 + 5*t - 14. Let o(y) = 5*h(y) + 4*m(y). Give o(0).
9
Let z be (5/(-3))/(1/3). Let i(p) = 3*p**2 - 8*p + 6. Let v(n) = 2*n**2 - 7*n + 5. Suppose 6 - 12 = 2*f. Let u(q) = f*i(q) + 4*v(q). Calculate u(z).
-3
Let i(z) = -9*z**2 + 1. Let k(x) = x**3 - 6 - 56*x + 58*x + 2 + 4*x**2. Let p be k(-3). Give i(p).
-8
Let j(b) be the third derivative of b - 1/24*b**4 + 13*b**2 + 1/120*b**6 + 0 - 1/2*b**3 + 1/30*b**5. Suppose 0 = -7*f + 3*f - 12. Determine j(f).
-9
Suppose 3*y = -3*r - 0*y - 3, 0 = 4*r - 4*y - 20. Let w(v) = -v**3 - v**r + 2*v**2 + 124*v - 123*v - 7. Calculate w(0).
-7
Let i(r) = r**3 - r + 0*r + 0*r + 0*r**2 - 7 + 3*r**2. Let l be i(-3). Let q(c) = -2*c - 4. Give q(l).
4
Suppose 0 = 2*z + 7*k - 4*k + 199, 5*z - 3*k + 487 = 0. Let b = -92 - z. Let o(i) = -3*i + 9. What is o(b)?
-9
Suppose 0 = -3*j + j - 2*u + 42, 75 = 5*j - u. Let z(f) = 4*f - j - 16*f**2 + 15*f**2 - 5*f. What is z(0)?
-16
Let p be 15/(-5) - 1*-9. Suppose -3*s + 12 - p = 0. Let c(m) = 6*m + 66 - 59 + m**s + 0*m**2. Determine c(-5).
2
Let y be (-41)/3 + 2/3. Let l be y/3 - (-2)/(-3). Let m(w) = 1 + 26*w**2 - 3 - 1 + 6*w - 13*w**2 - 12*w**2. Give m(l).
-8
Let z(h) = h**3 + 6*h**2 - 7*h + 9. Let l(q) = -q**3 + 13*q**2 - 39*q - 15. Let k be l(8). Determine z(k).
9
Let q(m) = -m**2 + 5*m + 2. Let g(r) = r**2 - 4*r - 1. Let h be 2 - ((-2 - -4) + -3). Let p(w) = h*g(w) + 2*q(w). Let k be (-4)/14 - (-18)/14. What is p(k)?
0
Let a = 18 + -14. Let z(d) = -d + 10. What is z(a)?
6
Let j(z) = z**2 - 3*z. Let x(h) = 2*h + 30. Suppose 2*q - 3*g = 5*q + 24, 4*q + 37 = -3*g. Let n be x(q). Determine j(n).
4
Let i(t) be the third derivative of -t**4/12 + 4*t**3/3 - 4*t**2 + 16. Give i(-5).
18
Let q = -65 + 69. Let o(i) = 8*i - 13*i - 7 + q*i. What is o(-8)?
1
Let a(d) be the third derivative of -d**5/60 - d**4/8 + d**3/2 + 2*d**2. Let b(f) = -f**2 + 15*f - 11. Let i be b(13). Let p = -19 + i. Calculate a(p).
-1
Let a(q) = -8*q**2. Suppose -c - 3*d + 1 = -42, 0 = 5*d - 15. Let f = c + -33. Calculate a(f).
-8
Suppose -14 = 2*b + 7*w - 3*w, 2*b + 11 = -w. Let d = b - 0. Let y = d + 6. Let l(t) = -4*t**3 + t. Determine l(y).
-3
Suppose 0 = -499*w + 503*w - 16. Let z(s) be the second derivative of 0*s**2 - s**3 + 6*s - 7/12*s**w - 1/20*s**5 + 0. What is z(-6)?
0
Let v(m) = -m + 3. Let u(o) = -o + 3. Let l(z) = 4*u(z) - 5*v(z). Let b be 5/((-195)/(-6)) - (-82)/(-26). Give l(b).
-6
Let k(t) = -18*t - 66. Let l(x) = -8*x - 30. Let i(n) = -6*k(n) + 14*l(n). What is i(-11)?
20
Let b(s) be the third derivative of s**6/120 + s**5/60 + 3*s**3/2 + 85*s**2. Calculate b(0).
9
Let q(z) = z**2 - 2*z - 8. Let y be q(4). Suppose y*t - 126 = -14*t. Let f(h) = h**3 - 9*h**2 - 2. Give f(t).
-2
Let k(g) = 3*g**2 + 9*g + 7. Let m = -38 - -35. Let l be k(m). Let f(u) = -u + 10. Determine f(l).
3
Let f(v) = v**2 - 4*v + 1. Suppose -3*u + 4 = -5*u + 5*d, 3*u + 5*d = -6. Let o be (u + 0)/((-8)/16). Give f(o).
1
Let f(v) = 3*v + 3. Suppose -20*l - 6*l + 26 = 0. Calculate f(l).
6
Suppose 15 = -23*j - 123. Let v(g) = g**3 + 6*g**2 + g + 14. Determine v(j).
8
Let z(k) = 2*k + 45. Let s be 10*(0 - 7 - (-12 - -7)). Give z(s).
5
Let j(k) = -k**3 + 5*k**2 - 2*k + 2. Let b be j(4). Suppose -2*w = 2*g - b, 3*w = 6*w - 15. Suppose -1 = -g*r + r. Let u(p) = -p**2 - p - 1. Give u(r).
-1
Let c(y) = -21 - 21 + 62 + 3*y + 0*y - 22. Give c(-2).
-8
Let o(c) be the second derivative of -4/3*c**3 - 5/12*c**4 + 0 - 9*c + 3*c**2 + 1/20*c**5. What is o(6)?
-6
Let s(i) = -11*i + 15. Let j be s(2). Let d(o) = -o**3 - 9*o**2 - 11*o - 9. What is d(j)?
-30
Let g(f) = f - 1. Let z(p) = -5*p - 23. Let k(r) = -3*r - 11. Let d(a) = -5*k(a) + 2*z(a). Let u(s) = -d(s) + 6*g(s). Determine u(0).
-15
Let m(d) = d + 1. Let o be m(1). Suppose f - 2 = 2*c + 2, 0 = 4*f - o*c - 28. Let x(t) = t - 2. Give x(f).
6
Let o(x) = 5*x**3 - 9*x**2 + 17*x - 3. Let d(t) = -11*t**3 + 18*t**2 - 36*t + 6. Let b(u) = -4*d(u) - 9*o(u). Calculate b(8).
-5
Let i be (-11)/22 - (-1)/(-2). Let a(p) = 14*p - 1. Give a(i).
-15
Let w(n) = n**2 + 5*n - 6. Suppose -j - 4*j - 15 = 0. Let o be ((-56)/(-70))/(2/(-5)). Let u = j + o. Give w(u).
-6
Let t(l) be the second derivative of l**3/6 - l**2/2 - 24*l - 1. Determine t(0).
-1
Let i(y) be the first derivative of -4/3*y**3 + 3*y**2 - 1/4*y**4 + 5 - y. Let k(a) = -2*a**2 + 13*a + 2. Let o be k(7). Calculate i(o).
-6
Let r(t) = -839 - 10*t + 1823 - 890. Give r(9).
4
Suppose 4*m - 12 - 28 = 0. Suppose 0 = -5*t + m, 2*t - 2 = h - 3. Let z(v) = 3*v - 3. Calculate z(h).
12
Let w(x) = 4*x**3 + 22*x - 5*x**2 - 5*x**3 - 5 - 18*x. Let r be 366/427*-7*1. Calculate w(r).
7
Suppose 6*a + 23 = 11. Let b(p) = 3*p**3 - p**2 + p + 2. What is b(a)?
-28
Let g(r) be the second derivative of -r**6/720 + r**5/120 + 13*r**4/4 + 14*r. Let h(q) be the third derivative of g(q). Calculate h(1).
0
Let w(s) = -2*s + 5. Let c be -9*4/8*-2. Let b be c/2*(-4)/(-6). Let z(h) = h + 1. Let f(j) = b*z(j) + w(j). What is f(-4)?
4
Let i(a) = 7*a - 1. Let u(v) be the third derivative of 5*v**4/6 - v**3/3 - 5*v**2. Let t(n) = -7*i(n) + 2*u(n). Determine t(2).
-15
Let y(m) = 4*m + 1. Suppose 5*k = x - 26, -3*x + 0*k - 4*k = -2. Determine y(x).
25
Suppose -8 = -13*g + 18. Let m(j) = -9*j**g + 12*j**2 + 5*j**2 + 1 + j**3 + 7*j + 8. What is m(-7)?
9
Suppose -5*c - 4*u + 6*u = -24, -3*c = -3*u - 18. Let k(m) = 5*m**3 - c*m**3 - 4*m**2 - m - 328 + 329. Calculate k(4).
-3
Let c(y) = -3*y**3 - 3*y**2 + 27*y + 5. Let s(l) = -l**3 + l**2 + 5*l + 1. Let k(w) = c(w) - 4*s(w). Give k(7).
50
Let b = -356 + 357. Let d(o) = 11*o. What is d(b)?
11
Let o(v) = v**2 + 7*v + 3. Let z be (-52)/6 + (-8)/(-12). Let m be o(z). Suppose m = -5*g + 36. Let a(k) = -k**3 + 4*k**2 + 4*k + 7. Calculate a(g).
2
Let h(n) = -n**3 + 6*n**2 + 6*n + 8. Let r be h(7). Let v(x) = 2*x - 3*x + 0*x - r. Determine v(0).
-1
Let o(c) = c**3 - 2*c + 1. Suppose -31 = 4*j + 1. Let p = 9 + j. Suppose -p = d + 1. What is o(d)?
-3
Let i be (-2)/(-8) - (-69)/12. Let w be 264/32 - i/(-8). Let r(p) = -7*p - 5 + w + p**2 - 4. Determine r(4).
-12
Let l(b) be the third derivative of -b**4/24 + 29*b**3/6 - b**2 - 29*b. What is l(0)?
29
Let n(c) = -6*c - 16. Let k be (-2)/(-6) - 117/27. What is n(k)?
8
Let p(c) = 3*c**3 + 22*c**2 + 4*c + 24. Let m(u) = -5*u**3 - 44*u**2 - 7*u - 44. Let q(h) = -4*m(h) - 7*p(h). What is q(22)?
8
Let k(u) = -3*u**2 + 6*u - 3. Sup